{"id":60,"date":"2021-05-25T15:10:44","date_gmt":"2021-05-25T15:10:44","guid":{"rendered":"http:\/\/134.157.178.243\/?page_id=60"},"modified":"2025-09-04T13:58:49","modified_gmt":"2025-09-04T13:58:49","slug":"publications","status":"publish","type":"page","link":"https:\/\/solab.locean.ipsl.fr\/index.php\/publications\/","title":{"rendered":"Publications, published data set &#8230;"},"content":{"rendered":"\n<h4 class=\"wp-block-heading\" id=\"here-is-a-list-of-research-papers-written-in-the-context-of-solab\">Here is a list of research papers written in the context of SOLAB. More will come as we progressively complete our analyses, in particular for the data collected during the field campaign SCOPES. <\/h4>\n\n\n\n<ul class=\"wp-block-list\">\n<li>Brochier, T., Sadio, O., Diop, M., Bertucci, F., Kammegne, C., Bayet, T., &#8230; &amp; Tremblay, Y. (2025). Underwater soundscape analysis reveals fish assemblage contrasts between protected and exploited areas in an African mangrove delta. <em>Biological Conservation<\/em>, <em>306<\/em>, 111051.<\/li>\n\n\n\n<li>Beye, A., Machu, E., Capet, X., Correa, K., Sourisseau, M., Artigas, L.F., Dynamical setup off the upwelling season off southern Canary Upwelling System highlighted from in vivo\/in situ phytoplankton spectral characterization. Submitted in July 2024 to Deep Sea Research Part II: Tropical Studies in Oceanography on EBUS Past, Present and Future.<\/li>\n\n\n\n<li>Capson, T.L., Machu, E., Boy\u00e9, M., Schmidt, J.O., Capet, X., Diouf, M., 2021. Expanding ocean observation and climate services to build resilience in West African fisheries. One Earth, 4(8), 1062-1065, doi : 10.1016\/j.oneear.2021.07.010<\/li>\n\n\n\n<li>Chabert, P., X. Capet, V. Echevin, A. Lazar, C. Hourdin and S. Ndoye, 2023: Impact of Synoptic Wind Intensification and Relaxation on the Dynamics and Heat Budget of the South Senegalese Upwelling Sector. J. Phys. Oceanog., 53, 1041-1067.<\/li>\n\n\n\n<li>Chabert, P., Echevin, V., Aumont, O., Person, R., Hourdin, C., Pous, S., Machu, E., Capet, X., 2024. Bottom-up propagation of synoptic wind intensification and relaxation in the planktonic ecosystem of the South Senegalese Upwelling Sector. Journal of Plankton Research, 46(6), 567-580. doi: 10.1093\/plankt\/fbae054<\/li>\n\n\n\n<li>Correa, K., Machu, E., Brajard, J., Diouf, D., Sall, S.M., Demarcq, H., 2023. Adaptation of a Neuro-variational algorithm from SeaWiFS to MODIS-Aqua sensor for the determination of atmospheric and oceanic variables. MDPI Remote Sensing, 15(14), doi : 10.3390\/rs15143613.<\/li>\n\n\n\n<li>David, V., Roudaut, G., Habasque, J., Mari\u00e9, L., Thibault, D., Lebourges-Dhaussy, A., Capet, X., Machu, E. Understanding the spatial distributions of acoustic scattering groups during the warm-to-cold transition period in the Senegal coastal seascape, Journal of Marine Systems.<\/li>\n\n\n\n<li>Descroix, L., San\u00e9, Y., Manga, S-P., Thior, M., Ba, B. D., Soumar\u00e9, S., Mingou, J., Mendy, V., Coly, S., Di\u00e8ye, A., Manga, A., Badiane, A., Senghor, M-J., Diedhiou, A.B., Sow, D., Bouaita, Y., Soumar\u00e9, S., Diop, A., Faty, B., Mendy, A., Dacosta, H., Sow, B.A., Machu, E., Montoroi, J-P., Andrieu, J., Vandervaere, J-P, Inverse estuaries in West Africa: an evidence of the rainfall recovery? Water, 12(3), 647, doi : 10.3390\/w12030647<\/li>\n\n\n\n<li>Machu, E., Capet, X., Estrade, P.A., Ndoye, S., Brajard, J., Baurand, F., Auger, P.-A., Lazar, A., Brehmer, P., 2019 First evidence of anoxia and nitrogen loss in the southern Canary Upwelling System. Geophysical Research Letters, 46(5), 2619-2627, doi: 10.1029\/2018GL079622.<\/li>\n\n\n\n<li>Pitcher, G.C., Aguirre, A., Breitburg, D., Cardich, Carstensen, J., Conley, D.J., Dewitte, B., Echevin, V., Engel, A., Espinoza-Morriber\u00f3n, D., Flores, G., Gar\u00e7on, V., Graco, M., Gr\u00e9goire, M., Guti\u00e9rrez, D., Hernandez-Ayon, J.M., May Huang, H.-H., Isensee, K., Jacinto, M.E., Levin, L., Lorenzo, A., Machu,&nbsp; E., Merma, L., Montes, I., Naqvi, S.W.A., Paulmier, A., Roman, M., Rose, K., Hood, R., Rabalais, N., Salvatteci, R., S\u00e1nchez, S., Sifeddine, A., Tall, A.W., van der Plas, A.K., Jing Zhang, M.Y., Zhu, Z.Y., 2021 System controls of coastal and open ocean oxygen depletion. Progress in Oceanography, doi: 10.1016\/j.pocean.2021.102613.<\/li>\n\n\n\n<li>Puccinelli, E., Sardenne, F., Pecquerie, L., Fawcett, S., Machu, E., Soudant, P., 2021. Omega-3 pathways in upwelling systems: the link to nitrogen supply. Frontiers in Marine Science, 8, doi: 10.3389\/fmars.2021.664601.<\/li>\n\n\n\n<li>Tall, A. W., Machu, E., Echevin, V., Capet, X., Pietri, A., Corr\u00e9a, K., Sall., S.M., Lazar, A., 2021. Variability of dissolved oxygen in the bottom layer of the southern Senegalese shelf. Journal of Geophysical Research: Oceans, doi : 10.1029\/2020JC016854.<\/li>\n\n\n\n<li>Tall, A.W., Echevin, V., Machu, E., Capet, X., 2025. Seasonal and interannual variability of bottom dissolved oxygen on the Senegalese shelf using a modelling approach. Deep Sea Research Part II: Tropical Studies in Oceanography on EBUS Past, Present and Future. 221, 105464. doi.org\/10.1016\/j.dsr2.2025.105464<\/li>\n<\/ul>\n\n\n\n<p>Book chapters<\/p>\n\n\n\n<ul class=\"wp-block-list\">\n<li>Machu, E., Brochier T., Capet X., Ndoye S., Ba S., Descroix L., 2023: Pollutions dans un monde liquide : sources, devenirs et cons\u00e9quences pour la Planification Spatiale Marine au S\u00e9n\u00e9gal. <em>Planification spatiale marine en Atlantique tropical: d&#8217;une tour de Babel \u00e0 l&#8217;organisation d&#8217;une intelligence collective<\/em>, 46-79. Editions IRD. <strong>Also available in english<\/strong> at <a href=\"https:\/\/books.openedition.org\/irdeditions\/46616?lang=en\">https:\/\/books.openedition.org\/irdeditions\/46616?lang=en<\/a><\/li>\n\n\n\n<li>Thomas, Y., &amp; Diouf, M., 2023: P\u00eache artisanale, changement climatique et d\u00e9fis scientifiques pour soutenir la planification spatiale marine. <em>Planification spatiale marine en Atlantique tropical: d&#8217;une tour de Babel \u00e0 l&#8217;organisation d&#8217;une intelligence collective<\/em>, 137-158. Editions IRD. Also available in english at <a href=\"https:\/\/books.openedition.org\/irdeditions\/46628\">https:\/\/books.openedition.org\/irdeditions\/46628<\/a><\/li>\n<\/ul>\n\n\n\n<p>Published datasets<\/p>\n\n\n\n<ul class=\"wp-block-list\">\n<li>Capet Xavier, Machu Eric, Tall Abdoul Wahab, Correa Khassoum, Brochier Timoth\u00e9e, Auger Pierre-Ama\u00ebl, Thomas Yoann, Camara Ibrahima (2025). SOLAB low-cost field surveys of the southern Senegal continental shelf: physical and biogeochemical variables. SEANOE. <a href=\"https:\/\/doi.org\/10.17882\/101038\">https:\/\/doi.org\/10.17882\/101038<\/a><\/li>\n\n\n\n<li>David Viviane, Habasque Jeremie, Roudaut Gildas, Capet Xavier, Machu Eric (2022). Acoustic data &#8211; SCOPES survey &#8211; Senegal, december 2022 to january 2023. SEANOE. <a href=\"https:\/\/doi.org\/10.17882\/96903\">https:\/\/doi.org\/10.17882\/96903<\/a><\/li>\n\n\n\n<li>Capet Xavier, Lazard Alban, Carron Raphael (2013). UPSEN 2013 &#8211; Acoustic data. SEANOE. <a href=\"https:\/\/doi.org\/10.17882\/101347\">https:\/\/doi.org\/10.17882\/101347<\/a><\/li>\n\n\n\n<li>Capet Xavier, Machu Eric, Tall Abdoul Wahab, Correa Khassoum, Brochier Timoth\u00e9e, Auger Pierre-Ama\u00ebl, Thomas Yoann, Camara Ibrahima (2025). SOLAB low-cost field surveys of the southern Senegal continental shelf: physical and biogeochemical variables. SEANOE. <a href=\"https:\/\/doi.org\/10.17882\/101038\">https:\/\/doi.org\/10.17882\/101038<\/a><\/li>\n\n\n\n<li>Donn\u00e9es de r\u00e9flectance, d\u2019\u00e9paisseur optique atmosph\u00e9rique et de chlorophylle-a issues du traitement SOM-NV des donn\u00e9es MODIS-Aqua de 2003 \u00e0 2018 sont archiv\u00e9es r\u00e9gionalement au format netcdf :<\/li>\n\n\n\n<li>Correa Khassoum, Machu Eric, Brajard Julien, Diouf Daouda, Sall Sa\u00efdou Moustapha, Demarcq Herv\u00e9, Processing of MODIS-Aqua data with Self-Organizing Maps NeuroVaria method for the southern canary upwelling system, <a href=\"https:\/\/doi.org\/10.5281\/zenodo.7971187\">https:\/\/doi.org\/10.5281\/zenodo.7971187<\/a><\/li>\n\n\n\n<li>Site de la campagne SCOPES o\u00f9 seront h\u00e9berg\u00e9s l\u2019ensemble des donn\u00e9es g\u00e9n\u00e9r\u00e9es pendant cette campagne : <a href=\"https:\/\/doi.org\/10.17600\/18000662\">https:\/\/doi.org\/10.17600\/18000662<\/a><\/li>\n<\/ul>\n","protected":false},"excerpt":{"rendered":"<p>Here is a list of research papers written in the context of SOLAB. More will come as we progressively complete our analyses, in particular for the data collected during the field campaign SCOPES. Book chapters Published datasets<\/p>\n","protected":false},"author":3,"featured_media":0,"parent":0,"menu_order":7,"comment_status":"closed","ping_status":"closed","template":"","meta":{"footnotes":""},"class_list":["post-60","page","type-page","status-publish","hentry"],"_links":{"self":[{"href":"https:\/\/solab.locean.ipsl.fr\/index.php\/wp-json\/wp\/v2\/pages\/60","targetHints":{"allow":["GET"]}}],"collection":[{"href":"https:\/\/solab.locean.ipsl.fr\/index.php\/wp-json\/wp\/v2\/pages"}],"about":[{"href":"https:\/\/solab.locean.ipsl.fr\/index.php\/wp-json\/wp\/v2\/types\/page"}],"author":[{"embeddable":true,"href":"https:\/\/solab.locean.ipsl.fr\/index.php\/wp-json\/wp\/v2\/users\/3"}],"replies":[{"embeddable":true,"href":"https:\/\/solab.locean.ipsl.fr\/index.php\/wp-json\/wp\/v2\/comments?post=60"}],"version-history":[{"count":25,"href":"https:\/\/solab.locean.ipsl.fr\/index.php\/wp-json\/wp\/v2\/pages\/60\/revisions"}],"predecessor-version":[{"id":1228,"href":"https:\/\/solab.locean.ipsl.fr\/index.php\/wp-json\/wp\/v2\/pages\/60\/revisions\/1228"}],"wp:attachment":[{"href":"https:\/\/solab.locean.ipsl.fr\/index.php\/wp-json\/wp\/v2\/media?parent=60"}],"curies":[{"name":"wp","href":"https:\/\/api.w.org\/{rel}","templated":true}]}}