{"id":2,"date":"2021-05-25T12:24:29","date_gmt":"2021-05-25T12:24:29","guid":{"rendered":"http:\/\/134.157.178.243\/?page_id=2"},"modified":"2022-03-08T15:05:16","modified_gmt":"2022-03-08T15:05:16","slug":"links","status":"publish","type":"page","link":"https:\/\/solab.locean.ipsl.fr\/index.php\/links\/","title":{"rendered":"Links\/resources"},"content":{"rendered":"\n<h3 class=\"wp-block-heading\" id=\"useful-links\">Useful links<\/h3>\n\n\n\n<ul class=\"wp-block-list\"><li><a rel=\"noreferrer noopener\" href=\"https:\/\/owncloud.locean-ipsl.upmc.fr\/index.php\/s\/s996AqXvIpftDYG\" data-type=\"URL\" data-id=\"https:\/\/owncloud.locean-ipsl.upmc.fr\/index.php\/s\/s996AqXvIpftDYG\" target=\"_blank\">The solab cloud<\/a> (restricted access, ask if you need the passwd)<\/li><li><a rel=\"noreferrer noopener\" href=\"https:\/\/www-iuem.univ-brest.fr\/lemar\/projets-scientifiques\/solab\/?lang=en\" data-type=\"URL\" data-id=\"https:\/\/www-iuem.univ-brest.fr\/lemar\/projets-scientifiques\/solab\/?lang=en\" target=\"_blank\">The solab in Brittany website<\/a><\/li><li>The solab\/senox argo floats: Bioargo <a rel=\"noreferrer noopener\" href=\"https:\/\/fleetmonitoring.euro-argo.eu\/float\/6903091\" data-type=\"URL\" data-id=\"https:\/\/fleetmonitoring.euro-argo.eu\/float\/6903091\" target=\"_blank\">6903091<\/a> and ArgoOx <a rel=\"noreferrer noopener\" href=\"https:\/\/fleetmonitoring.euro-argo.eu\/float\/6903067\" data-type=\"URL\" data-id=\"https:\/\/fleetmonitoring.euro-argo.eu\/float\/6903067\" target=\"_blank\">6903067<\/a> <\/li><li><a rel=\"noreferrer noopener\" href=\"https:\/\/www.ogimet.com\/metars.phtml.en\" data-type=\"URL\" data-id=\"https:\/\/www.ogimet.com\/metars.phtml.en\" target=\"_blank\">The Dakar Yoff weather station data<\/a><\/li><\/ul>\n\n\n\n<h3 class=\"wp-block-heading\" id=\"solab-partners-and-friends-in-the-media\">SOLAB partners and friends in the media<\/h3>\n\n\n\n<h4 class=\"wp-block-heading\" id=\"about-estuaries\">About estuaries<\/h4>\n\n\n\n<ul class=\"wp-block-list\"><li><a rel=\"noreferrer noopener\" href=\"https:\/\/www.youtube.com\/watch?v=bKItcaS6p2c\" data-type=\"URL\" data-id=\"https:\/\/www.youtube.com\/watch?v=bKItcaS6p2c\" target=\"_blank\">IUPA in support of the Sine-Saloum populations with Pr. Malick Diouf<\/a> (video, 2019, <em>fr<\/em>.)<\/li><li><a rel=\"noreferrer noopener\" href=\"https:\/\/www.ouest-france.fr\/monde\/senegal\/reportage-au-senegal-les-femmes-du-delta-du-saloum-pechent-sous-l-oeil-de-biologistes-bretons-8ca1eda0-64d2-11ec-8f86-070a54080f2e\" data-type=\"URL\" data-id=\"https:\/\/www.ouest-france.fr\/monde\/senegal\/reportage-au-senegal-les-femmes-du-delta-du-saloum-pechent-sous-l-oeil-de-biologistes-bretons-8ca1eda0-64d2-11ec-8f86-070a54080f2e\" target=\"_blank\">Shellfish harvest in the Sine Saloum and marine biology<\/a> (newspaper article, Ouest France, 2021, <em>in french<\/em>)<\/li><li><a rel=\"noreferrer noopener\" href=\"https:\/\/www.rfi.fr\/fr\/podcasts\/c-est-pas-du-vent\/20220107-les-sciences-participatives-bouleversent-l-acc%C3%A8s-%C3%A0-la-connaissance\" data-type=\"URL\" data-id=\"https:\/\/www.rfi.fr\/fr\/podcasts\/c-est-pas-du-vent\/20220107-les-sciences-participatives-bouleversent-l-acc%C3%A8s-%C3%A0-la-connaissance\" target=\"_blank\">Shellfish harvest in the Sine Saloum and participatory science<\/a> (audio podcast, RFI, 2021, <em>in french<\/em>)<\/li><li><a rel=\"noreferrer noopener\" href=\"https:\/\/www.rts.ch\/audio-podcast\/2022\/audio\/le-long-metrage-senegal-les-pecheuses-de-coquillage-des-iles-du-saloum-25793955.html\" data-type=\"URL\" data-id=\"https:\/\/www.rts.ch\/audio-podcast\/2022\/audio\/le-long-metrage-senegal-les-pecheuses-de-coquillage-des-iles-du-saloum-25793955.html\" target=\"_blank\">Shellfish harvest in the Sine Saloum: seeking help from marine biologists<\/a> (audio podcast, RTS, 2022, <em>in french<\/em>)<\/li><\/ul>\n\n\n\n<h3 class=\"wp-block-heading\" id=\"more-resources\">More resources<\/h3>\n\n\n\n<h4 class=\"wp-block-heading\" id=\"small-pelagic-fish-illegal-and-overfishing-in-wa\">Small pelagic fish, illegal and overfishing in WA<\/h4>\n\n\n\n<ul class=\"wp-block-list\"><li>In Senegal, traditional fisheries at risk due to chinese trawlers\/<a rel=\"noreferrer noopener\" href=\"https:\/\/www.lemonde.fr\/afrique\/article\/2022\/01\/11\/au-senegal-la-peche-artisanale-fragilisee-par-l-arrivee-des-chalutiers-chinois_6108952_3212.html\" data-type=\"URL\" data-id=\"https:\/\/www.lemonde.fr\/afrique\/article\/2022\/01\/11\/au-senegal-la-peche-artisanale-fragilisee-par-l-arrivee-des-chalutiers-chinois_6108952_3212.html\" target=\"_blank\">Au S\u00e9n\u00e9gal, la p\u00eache artisanale fragilis\u00e9e par l&#8217;arriv\u00e9e des chalutiers chinois<\/a> (news, Le Monde, Jan. 2022, <em>in french<\/em>)<\/li><li><a rel=\"noreferrer noopener\" href=\"https:\/\/www.rfi.fr\/fr\/podcasts\/20200612-s%C3%A9n%C3%A9gal-quel-avenir-la-pe%CC%82che\" data-type=\"URL\" data-id=\"https:\/\/www.rfi.fr\/fr\/podcasts\/20200612-s%C3%A9n%C3%A9gal-quel-avenir-la-pe%CC%82che\" target=\"_blank\">Senegal, what future for fisheries<\/a> (audio podcast, RFI, Jun. 2020)<\/li><\/ul>\n\n\n\n<h4 class=\"wp-block-heading\" id=\"coastal-development-pollution\">Coastal development, pollution<\/h4>\n\n\n\n<ul class=\"wp-block-list\"><li><a rel=\"noreferrer noopener\" href=\"https:\/\/information.tv5monde.com\/video\/senegal-le-futur-port-geant-de-ndayane-inquietent-ecologistes-et-pecheurs\" data-type=\"URL\" data-id=\"https:\/\/information.tv5monde.com\/video\/senegal-le-futur-port-geant-de-ndayane-inquietent-ecologistes-et-pecheurs\" target=\"_blank\">Concerns about the construction of the Ndayane harbour<\/a> (TV news, TV5 monde, 2022, <em>fr<\/em>.)<\/li><li><a rel=\"noreferrer noopener\" href=\"https:\/\/www.mediapart.fr\/journal\/international\/120222\/au-senegal-la-petite-cote-meurt-sans-bruit\" data-type=\"URL\" data-id=\"https:\/\/www.mediapart.fr\/journal\/international\/120222\/au-senegal-la-petite-cote-meurt-sans-bruit\" target=\"_blank\">Concerns about development projects offshore of the &#8220;Petite C\u00f4te&#8221;<\/a> (news article, Mediapart, 2022, <em>in french<\/em>)<\/li><li><a rel=\"noreferrer noopener\" href=\"https:\/\/savoirs.rfi.fr\/fr\/comprendre-enrichir\/environnement\/senegal-la-pollution-de-la-mer-a-dakar\" data-type=\"URL\" data-id=\"https:\/\/savoirs.rfi.fr\/fr\/comprendre-enrichir\/environnement\/senegal-la-pollution-de-la-mer-a-dakar\" target=\"_blank\">Coastal pollution in Senegal<\/a> (audio RFI, 2017, <em>in french<\/em>) <\/li><\/ul>\n\n\n\n<h4 class=\"wp-block-heading\" id=\"harmful-algal-blooms\">Harmful algal blooms<\/h4>\n\n\n\n<ul class=\"wp-block-list\"><li><a rel=\"noreferrer noopener\" href=\"https:\/\/www.rfi.fr\/fr\/afrique\/20211107-s%C3%A9n%C3%A9gal-la-myst%C3%A9rieuse-maladie-des-p%C3%AAcheurs-r%C3%A9appara%C3%AEt-%C3%A0-thiaroye\" data-type=\"URL\" data-id=\"https:\/\/www.rfi.fr\/fr\/afrique\/20211107-s%C3%A9n%C3%A9gal-la-myst%C3%A9rieuse-maladie-des-p%C3%AAcheurs-r%C3%A9appara%C3%AEt-%C3%A0-thiaroye\" target=\"_blank\">Mysterious fishermen&#8217;s disease<\/a> (news article, RFI, 2021, <em>in french<\/em>)<\/li><li><a rel=\"noreferrer noopener\" href=\"https:\/\/www.rfi.fr\/fr\/afrique\/20201121-s%C3%A9n%C3%A9gal-des-p%C3%AAcheurs-touch%C3%A9s-par-une-myst%C3%A9rieuse-maladie-de-peau\" data-type=\"URL\" data-id=\"https:\/\/www.rfi.fr\/fr\/afrique\/20201121-s%C3%A9n%C3%A9gal-des-p%C3%AAcheurs-touch%C3%A9s-par-une-myst%C3%A9rieuse-maladie-de-peau\" target=\"_blank\">Mysterious fishermen&#8217;s disease<\/a> (news article, RFI, 2020, <em>in french<\/em>)<\/li><li><a rel=\"noreferrer noopener\" href=\"https:\/\/www.rfi.fr\/fr\/afrique\/20201124-au-s%C3%A9n%C3%A9gal-les-recherches-se-poursuivent-pour-comprendre-l-origine-de-la-maladie-des-p%C3%AAcheurs\" data-type=\"URL\" data-id=\"https:\/\/www.rfi.fr\/fr\/afrique\/20201124-au-s%C3%A9n%C3%A9gal-les-recherches-se-poursuivent-pour-comprendre-l-origine-de-la-maladie-des-p%C3%AAcheurs\" target=\"_blank\">News on research in fishermen&#8217;s disease<\/a> (news article, RFI, 2020, <em>fr<\/em>.)<\/li><\/ul>\n\n\n\n<div class=\"wp-block-columns is-layout-flex wp-container-core-columns-is-layout-9d6595d7 wp-block-columns-is-layout-flex\">\n<div class=\"wp-block-column is-layout-flow wp-block-column-is-layout-flow\" style=\"flex-basis:100%\">\n<p><\/p>\n<\/div>\n<\/div>\n\n\n\n<p><\/p>\n","protected":false},"excerpt":{"rendered":"<p>Useful links The solab cloud (restricted access, ask if you need the passwd) The solab in Brittany website The solab\/senox argo floats: Bioargo 6903091 and ArgoOx 6903067 The Dakar Yoff weather station data SOLAB partners and friends in the media About estuaries IUPA in support of the Sine-Saloum populations with Pr. Malick Diouf (video, 2019, [&hellip;]<\/p>\n","protected":false},"author":3,"featured_media":0,"parent":0,"menu_order":6,"comment_status":"closed","ping_status":"closed","template":"","meta":{"footnotes":""},"class_list":["post-2","page","type-page","status-publish","hentry"],"_links":{"self":[{"href":"https:\/\/solab.locean.ipsl.fr\/index.php\/wp-json\/wp\/v2\/pages\/2","targetHints":{"allow":["GET"]}}],"collection":[{"href":"https:\/\/solab.locean.ipsl.fr\/index.php\/wp-json\/wp\/v2\/pages"}],"about":[{"href":"https:\/\/solab.locean.ipsl.fr\/index.php\/wp-json\/wp\/v2\/types\/page"}],"author":[{"embeddable":true,"href":"https:\/\/solab.locean.ipsl.fr\/index.php\/wp-json\/wp\/v2\/users\/3"}],"replies":[{"embeddable":true,"href":"https:\/\/solab.locean.ipsl.fr\/index.php\/wp-json\/wp\/v2\/comments?post=2"}],"version-history":[{"count":45,"href":"https:\/\/solab.locean.ipsl.fr\/index.php\/wp-json\/wp\/v2\/pages\/2\/revisions"}],"predecessor-version":[{"id":1104,"href":"https:\/\/solab.locean.ipsl.fr\/index.php\/wp-json\/wp\/v2\/pages\/2\/revisions\/1104"}],"wp:attachment":[{"href":"https:\/\/solab.locean.ipsl.fr\/index.php\/wp-json\/wp\/v2\/media?parent=2"}],"curies":[{"name":"wp","href":"https:\/\/api.w.org\/{rel}","templated":true}]}}